{"id":8960,"date":"2022-10-11T13:47:44","date_gmt":"2022-10-11T13:47:44","guid":{"rendered":"https:\/\/www.eurodeco.com.tr\/?post_type=product&#038;p=8960"},"modified":"2024-11-28T19:55:00","modified_gmt":"2024-11-28T19:55:00","slug":"hormigon-blancura-ic-ve-dis-mekan-icin-poliuretan-3b-beton-gorunumlu-duvar-paneli-120-cm-x-60-cm","status":"publish","type":"product","link":"https:\/\/www.eurodeco.com.tr\/de\/produkt\/hormigon-blancura-ic-ve-dis-mekan-icin-poliuretan-3b-beton-gorunumlu-duvar-paneli-120-cm-x-60-cm\/","title":{"rendered":"Hormigon Blancura \u2013 \u0130\u00e7 ve D\u0131\u015f Mekan i\u00e7in (Poli\u00fcretan) 3B Beton G\u00f6r\u00fcn\u00fcml\u00fc Duvar Paneli (120 cm x 60 cm)"},"content":{"rendered":"<div data-elementor-type=\"wp-post\" data-elementor-id=\"8960\" class=\"elementor elementor-8960\">\n\t\t\t\t\t\t<section class=\"wd-negative-gap elementor-section elementor-top-section elementor-element elementor-element-f3a6e96 elementor-section-boxed elementor-section-height-default elementor-section-height-default\" data-id=\"f3a6e96\" data-element_type=\"section\">\n\t\t\t\t\t\t<div class=\"elementor-container elementor-column-gap-default\">\n\t\t\t\t\t<div class=\"elementor-column elementor-col-100 elementor-top-column elementor-element elementor-element-fa7750d\" data-id=\"fa7750d\" data-element_type=\"column\">\n\t\t\t<div class=\"elementor-widget-wrap elementor-element-populated\">\n\t\t\t\t\t\t<div class=\"elementor-element elementor-element-746b849 elementor-widget elementor-widget-image\" data-id=\"746b849\" data-element_type=\"widget\" data-widget_type=\"image.default\">\n\t\t\t\t<div class=\"elementor-widget-container\">\n\t\t\t\t\t\t\t\t\t\t\t\t\t\t\t<img fetchpriority=\"high\" decoding=\"async\" width=\"1300\" height=\"682\" src=\"https:\/\/www.eurodeco.com.tr\/wp-content\/uploads\/2022\/10\/hormigon-1300x682.png\" class=\"attachment-large size-large wp-image-8956\" alt=\"\" srcset=\"https:\/\/www.eurodeco.com.tr\/wp-content\/uploads\/2022\/10\/hormigon-1300x682.png 1300w, https:\/\/www.eurodeco.com.tr\/wp-content\/uploads\/2022\/10\/hormigon-430x226.png 430w, https:\/\/www.eurodeco.com.tr\/wp-content\/uploads\/2022\/10\/hormigon-350x184.png 350w, https:\/\/www.eurodeco.com.tr\/wp-content\/uploads\/2022\/10\/hormigon-700x367.png 700w, https:\/\/www.eurodeco.com.tr\/wp-content\/uploads\/2022\/10\/hormigon-400x210.png 400w, https:\/\/www.eurodeco.com.tr\/wp-content\/uploads\/2022\/10\/hormigon-768x403.png 768w, https:\/\/www.eurodeco.com.tr\/wp-content\/uploads\/2022\/10\/hormigon-1536x806.png 1536w, https:\/\/www.eurodeco.com.tr\/wp-content\/uploads\/2022\/10\/hormigon-2048x1074.png 2048w, https:\/\/www.eurodeco.com.tr\/wp-content\/uploads\/2022\/10\/hormigon-860x451.png 860w\" sizes=\"(max-width: 1300px) 100vw, 1300px\" \/>\t\t\t\t\t\t\t\t\t\t\t\t\t\t\t<\/div>\n\t\t\t\t<\/div>\n\t\t\t\t\t<\/div>\n\t\t<\/div>\n\t\t\t\t\t<\/div>\n\t\t<\/section>\n\t\t\t\t<\/div>","protected":false},"excerpt":{"rendered":"<div class=\"woocommerce-product-details__short-description\">\n<div class=\"gtx-body\">\u00dcr\u00fcn a\u011f\u0131rl\u0131\u011f\u0131 1,1 kg&#8217;d\u0131r. Montaj kolayl\u0131\u011f\u0131, izolasyonu ve ger\u00e7ek beton \u00fcr\u00fcnlere benzerli\u011fi a\u00e7\u0131s\u0131ndan d\u00fcnyan\u0131n en iyi 3 boyutlu duvar kaplama \u00fcr\u00fcnlerinden biridir.<\/div>\n<\/div>\n<div class=\"wd-compare-btn product-compare-button wd-action-btn wd-style-text wd-compare-icon\"><\/div>","protected":false},"featured_media":8961,"comment_status":"open","ping_status":"closed","template":"","meta":[],"product_brand":[],"product_cat":[73,28,15],"product_tag":[77,84,80,79,85,93,83,82,78,81,86,92,76,75],"class_list":{"0":"post-8960","1":"product","2":"type-product","3":"status-publish","4":"has-post-thumbnail","6":"product_cat-beton","7":"product_cat-hormigon","8":"product_cat-alles","9":"product_tag-backstein","10":"product_tag-backstein-panel","11":"product_tag-backstein-wandpaneel","12":"product_tag-beton","13":"product_tag-dekoratives-wandpaneel","14":"product_tag-fuer-die-wande-deko","15":"product_tag-polyurethane-backstein-wandpaneel","16":"product_tag-polyurethane-wandpaneel","17":"product_tag-stein","18":"product_tag-stein-wandpaneel","19":"product_tag-wanddekoration","20":"product_tag-wande-deko","21":"product_tag-wandpaneel","22":"product_tag-wandplatte","24":"first","25":"instock","26":"taxable","27":"shipping-taxable","28":"purchasable","29":"product-type-simple"},"_links":{"self":[{"href":"https:\/\/www.eurodeco.com.tr\/de\/wp-json\/wp\/v2\/product\/8960","targetHints":{"allow":["GET"]}}],"collection":[{"href":"https:\/\/www.eurodeco.com.tr\/de\/wp-json\/wp\/v2\/product"}],"about":[{"href":"https:\/\/www.eurodeco.com.tr\/de\/wp-json\/wp\/v2\/types\/product"}],"replies":[{"embeddable":true,"href":"https:\/\/www.eurodeco.com.tr\/de\/wp-json\/wp\/v2\/comments?post=8960"}],"version-history":[{"count":6,"href":"https:\/\/www.eurodeco.com.tr\/de\/wp-json\/wp\/v2\/product\/8960\/revisions"}],"predecessor-version":[{"id":11820,"href":"https:\/\/www.eurodeco.com.tr\/de\/wp-json\/wp\/v2\/product\/8960\/revisions\/11820"}],"wp:featuredmedia":[{"embeddable":true,"href":"https:\/\/www.eurodeco.com.tr\/de\/wp-json\/wp\/v2\/media\/8961"}],"wp:attachment":[{"href":"https:\/\/www.eurodeco.com.tr\/de\/wp-json\/wp\/v2\/media?parent=8960"}],"wp:term":[{"taxonomy":"product_brand","embeddable":true,"href":"https:\/\/www.eurodeco.com.tr\/de\/wp-json\/wp\/v2\/product_brand?post=8960"},{"taxonomy":"product_cat","embeddable":true,"href":"https:\/\/www.eurodeco.com.tr\/de\/wp-json\/wp\/v2\/product_cat?post=8960"},{"taxonomy":"product_tag","embeddable":true,"href":"https:\/\/www.eurodeco.com.tr\/de\/wp-json\/wp\/v2\/product_tag?post=8960"}],"curies":[{"name":"wp","href":"https:\/\/api.w.org\/{rel}","templated":true}]}}

Hormigon Blancura – İç ve Dış Mekan için (Poliüretan) 3B Beton Görünümlü Duvar Paneli (120 cm x 60 cm)

<div class="woocommerce-product-details__short-description">
<div class="gtx-body">Ürün ağırlığı 1,1 kg&#8217;dır. Montaj kolaylığı, izolasyonu ve gerçek beton ürünlere benzerliği açısından dünyanın en iyi 3 boyutlu duvar kaplama ürünlerinden biridir.</div>
</div>
<div class="wd-compare-btn product-compare-button wd-action-btn wd-style-text wd-compare-icon"></div>
